= x**2 + 4*x + 87. What is d(0)?
87
Let d(p) = -3*p**2 + 3*p + 3. Calculate d(-2).
-15
Let b(k) = -k**3 - 13*k**2 + 2*k + 5. Calculate b(-13).
-21
Let m(j) = 2*j + 46. Determine m(-30).
-14
Let t(b) = -b - 10. Calculate t(11).
-21
Let a(u) = u**2 + 18*u - 65. Calculate a(-21).
-2
Let l(x) = -2*x + 11. Give l(3).
5
Let i(j) = j**3 - 7*j**2 - j + 9. What is i(7)?
2
Let l(n) = n**2 + 7*n + 5. What is l(-4)?
-7
Let h(q) = 2*q - 34. Give h(-22).
-78
Let w(b) = -b**3 - 27*b**2 + 28*b - 12. Calculate w(-28).
-12
Let j(v) = 9*v**2 - 3*v - 7. Calculate j(-3).
83
Let q(c) = -c**3 - 8*c**2 + 2*c + 7. Determine q(-8).
-9
Let b(h) = -h**3 + 6*h**2 - 7*h + 5. What is b(3)?
11
Let m(g) = g**2 - 14*g + 40. Give m(3).
7
Let z(v) = v**3 - 5*v**2 - 2*v - 7. What is z(5)?
-17
Let x(d) = -4*d + 1. What is x(7)?
-27
Let p(u) = -7*u + 15. What is p(0)?
15
Let o(v) = v + 10. Determine o(-18).
-8
Let q(z) = z**2 + 38*z - 162. Calculate q(-42).
6
Let k(m) = 2*m**2 + 13*m + 25. Give k(-10).
95
Let k(v) = -v**2 + 13*v - 27. Calculate k(10).
3
Let f(d) = -29*d + 150. What is f(6)?
-24
Let v(y) = y + 7. Determine v(6).
13
Let r(i) = 4*i - 75. Determine r(17).
-7
Let y(u) = 10*u**2 - u - 1. Give y(-1).
10
Let l(m) = 7*m - 6. Calculate l(7).
43
Let j(h) = -h**2 - 6*h + 67. Determine j(-12).
-5
Let z(c) = c**2 - 23*c - 13. Calculate z(23).
-13
Let n(d) = d + 6. Calculate n(-3).
3
Let j(g) = 24*g**2 - g. What is j(1)?
23
Let s(k) = -7*k - 5. Determine s(-6).
37
Let j(n) = -7*n - 4. Determine j(-4).
24
Let b(w) = -w**2 - 16*w - 23. Determine b(-15).
-8
Let c(k) = -6*k + 23. Calculate c(2).
11
Let q(k) = -8*k + 395. Calculate q(51).
-13
Let m(u) = 6*u + 98. Determine m(-17).
-4
Let w(t) = 2*t**2 + 13*t - 14. Determine w(-9).
31
Let s(m) = -m**2 - 20*m + 14. Give s(-11).
113
Let m(d) = -d**2 + 14*d - 19. Give m(10).
21
Let s(g) = -g**2 - g + 50. Determine s(-7).
8
Let b(h) = 5*h + 63. What is b(-15)?
-12
Let m(j) = -5*j + 2. Give m(-6).
32
Let u(k) = k**2 + 10*k + 8. What is u(-6)?
-16
Let s(o) = 29*o + 7. Calculate s(-1).
-22
Let d(n) = -7*n - 4. What is d(-3)?
17
Let c(h) = h**3 - 9*h**2 + 9*h - 15. Calculate c(9).
66
Let a(o) = -13*o**3 + o. Calculate a(1).
-12
Let b(a) = a - 18. Determine b(8).
-10
Let v(r) = r**2 + 4*r - 13. Give v(-9).
32
Let y(l) = l**3 - 16*l**2 + 66*l - 11. What is y(8)?
5
Let r(c) = c - 10. What is r(21)?
11
Let x(p) = -20*p - 50. Calculate x(-2).
-10
Let l(d) = 11*d + 13. Determine l(-2).
-9
Let g(a) = -2*a - 37. Calculate g(-20).
3
Let d(z) = z + 10. Determine d(-9).
1
Let m(s) = -3*s**2 + 2*s + 1. Calculate m(-2).
-15
Let w(g) = 45*g - 262. What is w(6)?
8
Let z(r) = -r**3 - 3*r**2 + 2. Give z(-2).
-2
Let o(b) = -b - 15. Calculate o(-7).
-8
Let w(m) = -m**2 + 13*m + 293. Give w(25).
-7
Let b(c) = c + 19. What is b(8)?
27
Let y(n) = -n + 11. What is y(-4)?
15
Let y(a) = -a**2 - 8*a + 4. Determine y(-4).
20
Let s(p) = p**3 - 7*p**2 + 6. Determine s(7).
6
Let s(t) = t - 17. Determine s(0).
-17
Let n(d) = d**3 + 10*d**2 - 10*d + 11. Give n(-11).
0
Let d(t) = -8*t**3 + 14*t**2 - 3*t + 9. What is d(2)?
-5
Let y(j) = -j**2 + 8*j - 4. Give y(8).
-4
Let a(c) = -3*c**3 - c**2 - c. Give a(-2).
22
Let w(s) = 6*s - 173. Calculate w(28).
-5
Let y(r) = -18*r**2 + r. What is y(-2)?
-74
Let p(d) = -2*d**2 - 28*d + 37. Calculate p(-15).
7
Let i(m) = 8*m - 55. Determine i(8).
9
Let y(h) = -3*h**2 - 14*h - 15. Determine y(-3).
0
Let r(u) = 5*u**3 - 4*u**2 + 2*u + 1. Calculate r(2).
29
Let d(s) = s**2 - 3*s - 12. Determine d(5).
-2
Let h(g) = 16*g - 247. Determine h(15).
-7
Let t(f) = -52*f**3 - f**2 - f - 1. Calculate t(-1).
51
Let x(d) = 3*d**2 - 4*d - 1. Give x(4).
31
Let k(o) = o**2 - 6*o + 2. Give k(8).
18
Let j(z) = 2*z**2 - 8*z + 3. Calculate j(5).
13
Let i(t) = 3*t - 74. Determine i(21).
-11
Let r(k) = -70*k + 34. Determine r(1).
-36
Let w(x) = -3*x - 83. Calculate w(-39).
34
Let r(c) = -c + 13. Calculate r(10).
3
Let v(f) = -5*f**2 + f + 1. Calculate v(-1).
-5
Let b(l) = -l**2 - 7*l - 5. What is b(-5)?
5
Let k(f) = -f**2 - 5*f + 15. What is k(-7)?
1
Let k(c) = 10*c + 5. What is k(-1)?
-5
Let f(r) = r**2 + 38*r - 4. Determine f(-38).
-4
Let t(k) = k**3 + 7*k**2 + 11*k + 42. Determine t(-6).
12
Let c(n) = 2*n**2 - 35*n + 6. Calculate c(15).
-69
Let o(b) = -2*b**3 - b - 16. Calculate o(0).
-16
Let a(o) = -46*o - 52. Calculate a(-1).
-6
Let f(h) = h. Give f(-2).
-2
Let v(a) = -3*a + 3. Give v(-5).
18
Let i(h) = 3*h**2 - 8*h + 3. What is i(5)?
38
Let h(y) = -y**2 + 22*y + 31. Determine h(23).
8
Let d(s) = 9*s**2 + 127*s + 20. Calculate d(-14).
6
Let z(h) = h**3 - 2*h**2 + 82. What is z(0)?
82
Let p(t) = -t**3 + 6*t**2 - t + 11. Determine p(6).
5
Let c(s) = s**3 - 5*s**2 + 1. What is c(5)?
1
Let j(w) = w**3 + 7*w**2 + 4. Determine j(-7).
4
Let h(b) = -b**3 - 10*b**2 + 10*b + 14. Give h(-11).
25
Let w(o) = -o**3 + 14*o**2 - 2*o - 5. What is w(14)?
-33
Let g(m) = -9*m**3 - m**2 - 3*m - 6. Give g(-2).
68
Let n(b) = -6*b - 1. Give n(1).
-7
Let z(j) = j - 4. What is z(0)?
-4
Let q(k) = 3*k - 40. Determine q(16).
8
Let p(r) = 22*r**2 + r. What is p(-1)?
21
Let b(l) = 4*l**2 + 3*l - 1. What is b(-1)?
0
Let j(q) = -5*q + 1. Calculate j(-1).
6
Let t(n) = -n**2 - 5*n + 5. What is t(5)?
-45
Let k(x) = x**3 - 2*x**2 + 6*x - 9. Determine k(2).
3
Let n(t) = 4*t**2 + 3*t + 5. Determine n(0).
5
Let v(c) = c + 7. Calculate v(-5).
2
Let k(b) = -b**3 + 3*b**2 + 20*b - 59. Calculate k(3).
1
Let c(j) = j**2 - 14*j - 10. Calculate c(7).
-59
Let b(h) = -27*h + 8. Determine b(-3).
89
Let j(r) = r - 13. Give j(-7).
-20
Let d(f) = -2*f - 7. What is d(7)?
-21
Let l(y) = -y**2 + 26*y + 235. What is l(-7)?
4
Let s(g) = -4*g + 58. Calculate s(-14).
114
Let o(k) = -k - 6. Determine o(-5).
-1
Let l(u) = -2*u**2 - 4*u - 5. Calculate l(-4).
-21
Let c(x) = -x**3 + 6*x**2 + 24*x + 24. Give c(9).
-3
Let p(u) = -2*u + 3. Determine p(3).
-3
Let p(t) = -13*t + 17. Determine p(4).
-35
Let m(l) = -l**3 + 4*l**2 - 2*l + 14. Determine m(0).
14
Let z(t) = -2*t + 33. Determine z(17).
-1
Let j(c) = c**2 + 4*c. Determine j(-3).
-3
Let x(u) = -u**2 - 7*u - 4. Determine x(-7).
-4
Let s(c) = c**3 + 2*c**2 - c + 11. Give s(0).
11
Let j(w) = w**3 - w**2 - 6*w - 3. What is j(-2)?
-3
Let p(b) = b**3 + 3*b**2 - 6*b - 4. Calculate p(-4).
4
Let m(p) = -p**3 - 7*p**2 + 6*p + 4. Calculate m(-8).
20
Let b(g) = -2*g**2 + 3*g + 1. What is b(3)?
-8
Let l(p) = p**3 - 5*p**2 + 5*p - 1. Calculate l(6).
65
Let n(c) = c**3 + 13*c**2 - 2*c - 19. Give n(-13).
7
Let n(f) = f**3 + 5*f**2 + 4*f - 2. Determine n(-4).
-2
Let v(o) = -o**2 + 8*o - 8. What is v(6)?
4
Let a(t) = t**2 - 14*t + 12. Give a(13).
-1
Let w(s) = -s**2 + 40*s - 120. Give w(37).
-9
Let x(o) = -o**3 + 16*o**2 - 27*o - 16. Calculate x(14).
-2
Let y(x) = 10*x - 3. What is y(4)?
37
Let n(k) = -k**2 + 5*k + 8. Determine n(5).
8
Let u(k) = 2*k - 4. What is u(4)?
4
Let u(d) = d**2 + 6*d - 2. Give u(-7).
5
Let n(b) = -b**3 + 6*b**2 + 9*b + 8. What is n(7)?
22
Let n(v) = v**2 + 6*v + 19. Calculate n(-5).
14
Let f(x) = -3*x**3 + 3*x**2 - 8*x + 4. Determine f(3).
-74
Let v(d) = -d**3 - 12*d**2 + 11*d + 2. Calculate v(-13).
28
Let y(w) = -2*w - 36. Calculate y(-14).
-8
Let l(y) = -3*y - 30. Give l(-15).
15
Let c(r) = -6*r**2 + 48*r - 14. Determine c(9).
-68
Let z(u) = -40*u + 443. Determine z(11).
3
Let y(h) = 7*h + 9. Calculate y(-2).
-5
Let i(j) = j**3 + 7*j**2 + 3*j - 31. Calculate i(-6).
-13
Let h(q) = q**3 - 8*q**2 + 10*q - 6. Calculate h(7).
15
Let d(l) = l - 68. Calculate d(0).
-68
Let v(u) = -14*u**2 - 7*u + 6. What is v(1)?
-15
Let h(o) = 28*o - 53. Calculate h(2).
3
Let j(v) = v**2 + 9*v - 4. What is j(4)?
48
Let d(y) = -3*y**2 + 2*y - 3. What is d(1)?
-4
Let x(t) = -t**2 + 51. What is x(0)?
51
Let j(v) = -v**3 - 23*v**2 + 24*v + 7. Determine j(-24).
7
Let t(x) = 2*x**3 + 4*x**2 - 8*x - 2. Give t(-4).
-34
Let p(g) = g**3 + 9*g**2 - 47*g - 21. Give p(4).
-1
Let a(l) = 3*l - 13. What is a(5)?
2
Let p(n) = -5*n - 195. What is p(-43)?
20
Let q(y) = y**3 - 9*y**2 - 11*y + 23. Determine q(10).
13
Let v(u) = u**3 - 14*u**2 - 3*u. Calculate v(14).
-42
Let v(m) = -m**2 + 9*m - 15. What is v(7)?
-1
Let h(o) = o**3 - 8*o**2 + o + 9. Determine h(7).
-33
Let u(t) = t**3 + 11*t**2 - 14*t + 47. Give u(-12).
71
Let v(m) = m**3 - 13*m**2 - 2*m + 25. What is v(13)?
-1
Let t(n) = -10*n -